visor of v and u?
11
Let g = -24 - -35. Let k(p) = -p**3 + 11*p**2 + 2*p - 7. Let w be k(g). What is the greatest common factor of 3 and w?
3
Let s be (3 - 4)*3 - -12. Let i be (-2)/3 + 26/3. Suppose 0 = -q + l + 4, -i + 2 = -3*q - 3*l. What is the greatest common factor of q and s?
3
Suppose -d - 4 = -0*d - 4*s, 4*d - 5*s - 6 = 0. Calculate the highest common divisor of d and 6.
2
Suppose 2*p - 9 = 1, 5*b - p = 135. Calculate the highest common divisor of 112 and b.
28
Let q = 3 - 38. Let h(t) = -t**2 - 2*t - 3. Let z be h(-5). Let j = z - q. What is the highest common divisor of j and 136?
17
Let j(x) = x. Suppose 1 = -u + 3. Let b be j(u). Suppose -b*g = 5*m + 21 - 0, 13 = -g - 3*m. Calculate the highest common factor of 10 and g.
2
Suppose 4*f = z + 2 + 2, 4*f = -z + 12. Suppose 112 = z*k - 0*k. What is the greatest common divisor of 4 and k?
4
Suppose 0 = 3*z + 5*q - 10, -5*z + 3*q + 18 = -10. Let f be (1 + 7)*1/1. Suppose 3*b - f = -b. What is the highest common divisor of z and b?
1
Suppose -3 = -3*g, -g - 9 = -4*s - 38. Let u(b) = -b + 2. Let f be u(s). What is the greatest common factor of f and 36?
9
Let h(m) = -15*m - 4. Let c(j) = -j. Let p(t) = -2*c(t) - h(t). Let s be p(4). Calculate the highest common divisor of 9 and s.
9
Suppose 2*n + n = 72. Let m be (-46)/(-1) - (-2)/1. What is the highest common factor of m and n?
24
Let d = -1 - -13. Suppose 3*n - 3 = 0, 0*i - 3*n = 5*i - 663. Calculate the greatest common factor of i and d.
12
Suppose 95 = 4*f - 9. What is the greatest common divisor of f and 78?
26
Suppose o = 2*o - 33. What is the greatest common factor of o and 44?
11
Let t be (4/5)/((-10)/(-50)). Calculate the greatest common factor of 28 and t.
4
Let r be (2/(-1))/((-4)/2). Suppose r + 8 = 3*m. Calculate the greatest common factor of 33 and m.
3
Let d = -212 + 221. Let x be (1 + -4)*464/(-6). Let a = -151 + x. Calculate the highest common divisor of d and a.
9
Suppose -20 = o + 3*o. Let v = o - -3. Let l(n) = n**3 + 5*n**2 + 3*n + 2. Let p be l(v). What is the highest common factor of p and 8?
8
Suppose -5*x - 2*m - 96 = -760, -5*m = -x + 122. What is the highest common divisor of x and 12?
12
Let c(i) = -8*i**3 + 2*i**2 - 1. Let s be c(-1). Let h be (3/(-5))/(3/(-15)). What is the highest common divisor of s and h?
3
Let y(s) = 14*s**2. Let f be y(-1). Calculate the greatest common divisor of 2 and f.
2
Let i(u) = -u**3 - 7*u**2 - u + 4. Let r be i(-7). Let m be 322/2 - (-6)/(-2). Let w = m + -59. Calculate the greatest common factor of w and r.
11
Suppose 3*o + 26 - 176 = 0. Let j = 104 - o. Let s = 13 + -7. Calculate the highest common factor of s and j.
6
Suppose -90 = -14*o + 13*o. Calculate the greatest common factor of o and 10.
10
Let w = -8 + 93. Calculate the highest common factor of 34 and w.
17
Let p(t) = -1 + 6 - 5 - 108*t. Let y be p(-2). Suppose y = -0*u + 2*u. What is the greatest common divisor of 12 and u?
12
Suppose -15 = -o + 6*o, 0 = -4*j - 4*o + 128. Calculate the highest common divisor of j and 20.
5
Let a be ((-9)/12)/((-3)/12). Suppose -5*k - 47 - 3 = 0. Let n be 15/k*(-20)/2. What is the highest common divisor of n and a?
3
Let q = 0 - -1. Let m be 1 + 40 - 1/q. Let b be ((-52)/(-16) + -3)*400. What is the highest common divisor of m and b?
20
Let d be 18*(3 - 10/4). Calculate the greatest common factor of 99 and d.
9
Let h = 26 + -22. Calculate the highest common factor of h and 44.
4
Let v = 5 + -4. Suppose 3*y - 3*r + v = 22, 5*r = 2*y - 5. Suppose 0 = -3*f + 107 + 13. What is the highest common divisor of f and y?
10
Let v(g) = -2 + 2 + 12*g. Suppose 5*r - 8 + 3 = 0. Let b be v(r). What is the greatest common divisor of 60 and b?
12
Suppose -2*d = -6*d + 952. Calculate the greatest common factor of 34 and d.
34
Let o be (-8)/(-10) - (-276)/30. What is the highest common divisor of 40 and o?
10
Suppose -2*w + 5*l = w - 98, 42 = w + 3*l. Let o(k) = -5*k**3 - 2*k**2 - k. Let c be o(-1). What is the highest common divisor of w and c?
4
Let o(b) = -b**2 + 12*b + 6. Suppose 0 = -m + 2*m - 6. Let v be o(m). What is the greatest common divisor of v and 105?
21
Let c be (3 - 140/(-12))/((-1)/(-6)). What is the highest common divisor of 22 and c?
22
Suppose 0 = -12*i + 8*i + 120. Calculate the greatest common divisor of 40 and i.
10
Let l = -8 + 6. Let n be 1672/20 - l/5. Calculate the highest common divisor of n and 21.
21
Let b(y) = y**2 + 7*y. Let s be b(-3). Let f be (-4 - -1)*(-4)/s. Let u(h) = 7*h**2 - h. Let k be u(f). What is the greatest common factor of k and 32?
8
Suppose 0 = i - z - 1 - 5, -49 = -4*i - z. What is the greatest common factor of i and 1?
1
Let l = 4 - -40. What is the highest common divisor of 4 and l?
4
Suppose 0 = 5*u - 445 + 170. Suppose 2*w - 10 = -4*p, 0 = -w + 8 - 3. Let n = p - -5. Calculate the highest common factor of u and n.
5
Suppose -4*v = -v - 108. Let l(j) = 4*j - 4. Let d be l(4). Let b = 24 - d. Calculate the greatest common divisor of b and v.
12
Let z be ((-2)/(-3))/(5/4860). Calculate the greatest common factor of 72 and z.
72
Let r(w) = -w**3 + 7*w**2 - 8*w + 6. Let c be r(6). Let o be 40*(2 - c/(-4)). Suppose d + o = 5*d. Calculate the highest common factor of d and 40.
5
Let w = -29 + 52. Let v = w - 13. Suppose -2*b + 61 = -119. What is the highest common divisor of v and b?
10
Let w be (-2 - 1 - -4)*1. Calculate the greatest common divisor of 13 and w.
1
Suppose -13*s + 562 = -62. Calculate the greatest common divisor of 16 and s.
16
Let t(g) = g - 2. Let a(z) = -z**2 + 6*z + 5. Let w be (8/(-10))/(2/(-15)). Let p be a(w). Let m be t(p). Calculate the highest common divisor of 21 and m.
3
Let n be 4/(-6) + 321/9. Suppose -3*s = 3*z + 39, -5*s - 24 = -3*s + 3*z. Let b be (-1 + -1)*s/6. Calculate the greatest common divisor of n and b.
5
Suppose -5*o + 362 + 238 = 0. Suppose -3*y = 4*l - 2*y, -3*y = -4*l - 16. Let h be (8 - -6) + (l - -2). Calculate the highest common divisor of o and h.
15
Let f(y) = 59*y**2 + 1. Let n be f(-1). Let t be (10 + -60)*2/(-5). Calculate the greatest common divisor of t and n.
20
Let y be (2/4)/((-9)/18). Let p be 0 - (y + 2 - 10). What is the greatest common divisor of p and 45?
9
Let r(f) = -2*f - 2. Let m be r(-6). What is the greatest common factor of m and 10?
10
Let j(u) = -13*u. Let b = 7 - 8. Let s be j(b). What is the greatest common divisor of 91 and s?
13
Let j(n) = n**2 - n + 2. Let m be j(-5). Calculate the highest common divisor of 80 and m.
16
Suppose -5*o + 3*q + 142 = 0, -4*q + 7*q = 4*o - 113. Let k = 40 - o. Suppose 6*s = 5*s + 55. What is the highest common divisor of k and s?
11
Suppose q + 20 = 64. Calculate the highest common factor of 11 and q.
11
Let j be 3/(-1)*6/(-9). Let m(c) = 6*c**3 + 2*c**2 + 2*c - 2. Let x be m(1). Calculate the greatest common factor of x and j.
2
Suppose -5*r + 820 = 15*r. Calculate the greatest common factor of r and 328.
41
Let a(f) = f**3 - 4*f**2 - 19*f - 3. Let k be a(7). What is the highest common factor of 77 and k?
11
Let p be -1 + (6 - (-2 + -1)). What is the greatest common factor of p and 24?
8
Let q(h) be the second derivative of 5*h**3/2 + h**2 - h. Let b be q(2). Suppose -2*a - b = -104. Calculate the highest common factor of a and 24.
12
Suppose 0 = -4*r + 5*m - m - 28, 2*m - 26 = 4*r. Let k be ((-4)/r)/((-3)/(-18)). Let y be (-2 - -3) + 2*k. What is the greatest common divisor of y and 36?
9
Let x(p) = -p**3 - p**2 + p + 6. Let t be x(-3). Calculate the greatest common factor of t and 189.
21
Suppose -3*i + 24 = -3. Calculate the highest common factor of 9 and i.
9
Let n be 2*((-15)/2)/(-3). Suppose 5*u = a + 2 + 10, 4*u = 3*a + 80. Let g = -12 - a. What is the greatest common factor of n and g?
5
Let s(f) be the first derivative of f**3/3 - 3*f**2/2 - 6*f + 2. Let t be s(6). Let q be ((-45)/(-12))/(1/t). What is the greatest common divisor of q and 5?
5
Let u(d) = 12*d**2 - 3*d. Let q be u(2). Let p = 0 + q. Calculate the highest common factor of p and 28.
14
Let q be 2346/21 + (-4)/(-14). Let n(j) = j**2 - 5*j + 9. Let c be n(8). Let p = -19 + c. What is the highest common divisor of p and q?
14
Let d(u) = 13*u - 2. Let v be d(2). Let y = v - 14. Calculate the highest common factor of 15 and y.
5
Let w = -61 - -70. Let u(g) = -6*g - 3. Let d be u(